 f = 2 - -5. Suppose s*v = -f + 99. Is v composite?
False
Is (73 + 8/(-2))/1 a composite number?
True
Let h(b) = -3*b + 4. Let s be ((-3)/2)/(2/4). Is h(s) a composite number?
False
Let t(o) = -o + 4. Let x be t(5). Let q be ((1 - x) + -1)*2. Let r = q + 8. Is r prime?
False
Is (0/1 - -1162) + 22 + -21 a prime number?
True
Is -1 + (-3)/(-5) - (-57)/5 prime?
True
Let l(r) = r**2 - 11. Is l(6) a composite number?
True
Let h be (-1)/(3/(-18)*1). Let b = -3 + h. Suppose 0 = -b*d, w = 4*d + 269 + 24. Is w a composite number?
False
Let c = -58 + 125. Is c prime?
True
Let p(n) = -n**3 + 13*n**2 + 4*n - 5. Let r be p(13). Suppose 4*m - 105 = r. Is m prime?
False
Suppose -4*w + 25 = w + 5*s, 2*s = -5*w + 22. Suppose 2048 = 5*x + n, 0*x - x - w*n = -421. Is x composite?
False
Let l = -88 - -173. Is l a prime number?
False
Suppose -2*x - 3*s = -6*s - 466, 0 = -4*x + 4*s + 932. Is x a prime number?
True
Let v(w) = 182*w - 5. Is v(2) prime?
True
Let k = 6 - 8. Let p = k - -5. Suppose w + 0*w = p. Is w a composite number?
False
Let k = -4 + 2. Let b(u) = u**3 + 3*u + 3. Let l be b(-2). Is l*((-7 - k) + 2) a composite number?
True
Let n(d) = 7*d**3 + d**2 - 4*d + 1. Let x = 9 + -5. Is n(x) a composite number?
False
Suppose 2*p - 4*r + 0*r - 1766 = 0, 3562 = 4*p + 2*r. Is p a prime number?
False
Let n(v) = -12*v**3 - v**2 - 3*v + 4. Suppose 0*a + 3*a - 2*d = 3, 0 = -4*a - 4*d + 24. Let i be n(a). Is i/(-3) + (-2)/(-6) prime?
True
Suppose 0 = -z - 6 + 18. Is -3*(-2)/(z/878) composite?
False
Is 103239/63 + 2/7 a composite number?
True
Is (-1318)/(-6) + 3/9 + -3 composite?
True
Suppose 10*r - 8771 = -3*z + 8*r, 4*z + r - 11703 = 0. Is z composite?
False
Let t = 5 + -2. Suppose 3*u + t*z = -216, 0 = -2*u - 7*z + 2*z - 135. Let j = 142 + u. Is j composite?
False
Suppose 3*h - 35 + 11 = 0. Let i = 1 - -5. Suppose -i*f + h*f - 614 = 0. Is f prime?
True
Let l(c) = 104*c + 3. Is l(2) a composite number?
False
Let u(k) = 6*k - 8. Let s(b) = 2*b - 3. Let q(a) = -11*s(a) + 4*u(a). Let t be q(1). Suppose t*z - 275 = -80. Is z a composite number?
True
Let c(v) = 12*v**3 + 2*v. Let n be c(2). Suppose 2*f = n + 74. Is f a prime number?
False
Let x(h) = h**3 + 7*h**2 + 6*h + 9. Let m be x(-6). Let p = m + 80. Is p a prime number?
True
Let x be (0 - 3)/(9/6). Let g be (-16)/6*3/x. Is g/(-6) - (-452)/12 prime?
True
Let f(k) = 72*k - 11. Is f(16) composite?
True
Is (-3)/(4/(-7 - -3)) - -136 prime?
True
Suppose 503 - 3368 = -5*m. Is m a composite number?
True
Let h(k) = -k - 8. Suppose 5*b = 2*g + 9 + 17, -3*g = -4*b + 32. Let t be h(g). Is 83 - 4 - (2 + t) a prime number?
False
Suppose -2*q = 2*q + 68. Let f = 11 + q. Is 3 + f/3 - -190 prime?
True
Let f = -242 + 853. Is f prime?
False
Let l(o) = -o**3 - 4*o**2 + 5*o + 1. Is l(-6) composite?
False
Suppose 0*b - 1329 = -3*b. Is b prime?
True
Let a(i) = -3*i**3 + 4*i**2 + 4*i + 4. Suppose 0 = 4*p - 0 + 12. Is a(p) a composite number?
False
Is 19498/8 - (-3 - 26/(-8)) a prime number?
True
Suppose v + 3*v - 16 = 0. Let j(k) = k**3 - 5*k**2 + 4*k + 2. Let g be j(v). Suppose -g*r - 10 = -3*z + 53, 0 = z + r - 16. Is z prime?
True
Let g = 349 + -190. Is g a composite number?
True
Let p be 0 - 1 - (0 + -3). Let m be -3 + 3 - (-15 - p). Suppose l + m - 106 = 0. Is l a composite number?
False
Suppose -75 = 5*n - 900. Let w = 306 - n. Is w prime?
False
Let l(k) = k**2 - 3 + 0*k**2 + 1. Let d be l(2). Suppose 3*z + d*z = 30. Is z a prime number?
False
Let k(n) be the third derivative of -n**6/24 - n**5/20 - n**4/12 + n**3/6 - n**2. Is k(-2) prime?
False
Let k(x) = 4*x**3 - 9*x**2 - 4*x + 3. Let z be k(9). Suppose 5*c - z = f, 4*c + c + f = 2156. Is c a prime number?
True
Suppose -4*z = -3*w - 12, 0 = 5*z + 4*w - 0 + 16. Let r be 1 + -1 + z + -5. Is ((-62)/(-4))/(r/(-10)) a composite number?
False
Suppose -3464 = -2*n - 2*s, -3*s - 774 = 2*n - 4243. Is n a prime number?
False
Let p(u) be the second derivative of u**5/20 + u**4/3 + u**3/3 + u**2/2 - 2*u. Let a be p(-3). Suppose 269 = a*t - 63. Is t composite?
False
Let k(z) = z**2 - 3*z + 2. Let c be k(2). Suppose 2*p - 4 + 0 = c. Suppose 2*o + p*o - 140 = 0. Is o a composite number?
True
Let u(l) = -l**3 + 10*l**2 + 26*l - 2. Is u(11) composite?
False
Suppose -9 = -5*u + w, -u = w + 3*w - 6. Is 99 - u - (3 + -1) prime?
False
Suppose 3*d = -5*w + 13, 3*d - 5*d = -w. Suppose g = w*g - 267. Suppose 5*y - g = 118. Is y a prime number?
False
Suppose -w + 1 = 0, -w + 286 = 4*j + w. Is j prime?
True
Let p = 3931 + -1352. Is p composite?
False
Let d(q) = -5*q + 12*q + q**2 - 6 + 4 - 15. Is d(12) a composite number?
False
Let w = -56 + 59. Let y = 12 - -28. Suppose w*s - 107 - y = 0. Is s prime?
False
Suppose -5*p - 2 = 3*d + 25, 5*d - 3*p + 11 = 0. Let k(t) = -2*t**3 - 3*t**2 + 2*t - 3. Is k(d) a prime number?
False
Suppose -9*v + 8*v + 397 = 0. Is v prime?
True
Suppose 4*p - p = 3*q - 1770, -q - 3*p = -578. Is q prime?
True
Suppose 3*h + 10025 = 8*h. Is h a composite number?
True
Is -3*((-508)/3)/4 composite?
False
Let g(u) = -3*u - 4*u - u**2 + 3 + 5*u - 2*u. Is g(-4) a composite number?
False
Let v(m) = -m**3 - 5*m**2 + 10*m + 5. Let z be 2/(-10) - (-52)/10. Suppose -c + 3*t + 4 = -4, z*c - 5*t = -10. Is v(c) a composite number?
True
Let k = -845 - -1614. Is k a prime number?
True
Let o be 5*(-1)/(2/(-2)). Suppose 0*z + 4*z - 5*s = -7802, 0 = 5*z - o*s + 9755. Is (-2)/(3/(z/6)) a composite number?
True
Suppose 3*d + 3 = -0. Let m be (21/(-9))/(d/3). Let j(q) = -q**2 + 9*q - 10. Is j(m) a composite number?
True
Let g = 19 - 7. Let h = -4 + g. Is 2/(-2)*2 + h composite?
True
Let k(u) be the third derivative of 13*u**4/24 - u**3/6 + u**2. Let n be k(2). Suppose 2*w = -3*w - n, -5*y = 4*w - 25. Is y composite?
True
Let d(r) = -54*r**3 - 2*r**2 - 2*r - 1. Let y(s) = s**3 + s**2 + 2*s + 1. Let x be y(-1). Is d(x) prime?
True
Let r(s) = s - 17. Let m be r(0). Suppose 3*w + 110 = -208. Let t = m - w. Is t prime?
True
Suppose 0 = 5*i - b - 26, 5 = 2*i - 0*i + 5*b. Suppose 3*k = -o + 280, 3*o + 0*o - 810 = -3*k. Suppose i*a - o = -0*a. Is a prime?
True
Let j(n) be the second derivative of -n**4/12 - 11*n**3/6 + 11*n**2/2 - 4*n. Is j(-11) composite?
False
Let a(q) = 25*q**2 + 2*q - 2. Is a(-2) a composite number?
True
Suppose 5*d + 1066 = -i + 3*i, 0 = 3*i + 2*d - 1599. Is i a prime number?
False
Let n = -342 + 78. Let k = n + 513. Is k prime?
False
Let d be 702/42 - 2/(-7). Let f = 0 + 0. Suppose -5*p + 3*a + 101 = 0, f*p - p + d = a. Is p a prime number?
True
Let o be 3/(-1 - (-33)/24). Let m be ((-10)/o)/(2/(-8)). Suppose -k = -5*n + 8, 23 + 0 = m*k - 4*n. Is k a composite number?
False
Suppose -1114 = -t + 939. Is t a composite number?
False
Suppose -p = -2*f + 86, -2*f = 4*p + p - 62. Let l = f - -428. Is l composite?
True
Let c(v) be the second derivative of -11*v**8/6720 + v**6/240 + v**5/120 + v**4/4 + 2*v. Let r(y) be the third derivative of c(y). Is r(-2) a prime number?
True
Let h be 3/(-3 - 27/(-6)). Is 0 + h + -5 - -58 prime?
False
Suppose 3*d - 2*c - 25 = 2*c, -9 = -2*d - 5*c. Let n(z) = 3*z**2 - 9*z - 1. Is n(d) a composite number?
False
Let j = 11 - 9. Is (j/(-6))/((-1)/291) a prime number?
True
Let z = 4 - 4. Suppose -3*a + 24 + 87 = z. Is a a prime number?
True
Let k = 106 - 75. Is k a prime number?
True
Let w be 3*6/9 + 0. Suppose 2*h = 5*x - 895, -w*x = 3*x - 3*h - 895. Is x composite?
False
Let h = 4 + -1. Let d = -2 - h. Is 489/15 - 2/d a prime number?
False
Let t be 16 - (2 + 1 + -2). Let m = 30 - t. Is m a prime number?
False
Let w(r) = 5*r**2 - 42*r + 5. Is w(26) a prime number?
True
Let k be (-60)/35*42/(-4). Let i(l) = l**3 - 6*l**2 - 8*l + 9. Let x be i(7). Suppose -k - 26 = -x*b. Is b prime?
False
Suppose 3*j - 6*v + 863 = -5*v, -j = 4*v + 266. Let i = -192 - j. Is i a prime number?
False
Let g be -1 + 466 + -1 + 0. Let z = 496 - 749. Let c = z + g. Is c prime?
True
Suppose -3*d = -62 - 52. Is d a composite number?
True
Is (359/(-2))/(13/(-338)) a composite number?
True
Let w = 1 - -1. Suppose -g - 1 = 0, -w*p - p = -2*g - 401. Is p a prime number?
False
Is (2 - 1)/((-1)/(-3659)) a composite number?
False
Suppose p - 5*p = -220. Is p prime?
False
Suppose 2*m = -0*m + 8. Suppose 173 = t + y, m*y + 883 = 5*t + 3*y. Suppose b = -3*o - 0*o + 38, 4*o - t = -4*b. Is b prime?
True
